{"id":71,"date":"2019-04-06T01:09:25","date_gmt":"2019-04-05T23:09:25","guid":{"rendered":"https:\/\/psychoterapie-brno.eu\/?page_id=71"},"modified":"2019-04-06T01:21:15","modified_gmt":"2019-04-05T23:21:15","slug":"osobni-krize","status":"publish","type":"page","link":"https:\/\/psychoterapie-brno.eu\/index.php\/nabidka-sluzeb\/osobni-krize\/","title":{"rendered":"Osobn\u00ed krize"},"content":{"rendered":"\n<p>Je t\u011b\u017ek\u00e9 vyrovnat se s ne\u00fasp\u011bchem, zejm\u00e9na kdy\u017e se nejedn\u00e1 o prvn\u00ed takov\u00e9 selh\u00e1n\u00ed a pocit ne\u00fasp\u011bchu a zmaru se stal ka\u017edodenn\u00edm pr\u016fvodcem. Pochyby o sob\u011b sam\u00fdch mohou b\u00fdt dlouhodob\u00fdmi spole\u010dn\u00edky. Kritika, j\u00ed\u017e se n\u00e1m dost\u00e1v\u00e1 z na\u0161eho okol\u00ed jako kdyby tyto pochyby podporovala.<\/p>\n\n\n\n<p>Stejn\u011b t\u011b\u017ek\u00e9 m\u016f\u017ee ale b\u00fdt i vyrovn\u00e1n\u00ed se s ne\u010dekan\u00fdm, n\u00e1hl\u00fdm \u00fasp\u011bchem. Nam\u00edsto pocitu sebed\u016fv\u011bry se objevuj\u00ed obavy a ned\u016fv\u011bra. Kde se stala chyba?<\/p>\n\n\n\n<p>Sna\u017e\u00edme se b\u00fdt \u00fasp\u011b\u0161n\u00ed a \u0161\u0165astn\u00ed, dosahujeme c\u00edl\u016f, kter\u00e9 jsme si vyty\u010dili, ale pocit uspokojen\u00ed se nedostav\u00ed\u2026<\/p>\n\n\n\n<ul class=\"wp-block-list\"><li>Jak p\u0159ekonat bez\u00fat\u011b\u0161n\u00e9, smutn\u00e9 obdob\u00ed, kdy \u017eivot ztratil smysl?<\/li><li>Jak se vyrovnat s ne\u00fasp\u011bchem? Jak p\u0159ijmout ztr\u00e1tu?<\/li><li>Jak si stanovit \u017eivotn\u00ed c\u00edl?<\/li><li>Jak naj\u00edt sebe sama?<\/li><li>Co je to vlastn\u011b krize a jak ji mohu poznat?<\/li><\/ul>\n<p>Views: 1079<\/p>","protected":false},"excerpt":{"rendered":"<p>Je t\u011b\u017ek\u00e9 vyrovnat se s ne\u00fasp\u011bchem, zejm\u00e9na kdy\u017e se nejedn\u00e1 o prvn\u00ed takov\u00e9 selh\u00e1n\u00ed a pocit ne\u00fasp\u011bchu a zmaru se stal ka\u017edodenn\u00edm pr\u016fvodcem. Pochyby o sob\u011b sam\u00fdch mohou b\u00fdt dlouhodob\u00fdmi spole\u010dn\u00edky. Kritika, j\u00ed\u017e se n\u00e1m dost\u00e1v\u00e1 z na\u0161eho okol\u00ed jako kdyby tyto pochyby podporovala. Stejn\u011b t\u011b\u017ek\u00e9 m\u016f\u017ee ale b\u00fdt i vyrovn\u00e1n\u00ed se s ne\u010dekan\u00fdm, n\u00e1hl\u00fdm [&hellip;]<\/p>\n","protected":false},"author":1,"featured_media":0,"parent":16,"menu_order":0,"comment_status":"closed","ping_status":"closed","template":"","meta":{"footnotes":""},"class_list":["post-71","page","type-page","status-publish","hentry"],"yoast_head":"<!-- This site is optimized with the Yoast SEO plugin v27.4 - https:\/\/yoast.com\/product\/yoast-seo-wordpress\/ -->\n<title>Osobn\u00ed krize - Psychoterapie Brno | Roman Petr\u017eelka<\/title>\n<meta name=\"robots\" content=\"index, follow, max-snippet:-1, max-image-preview:large, max-video-preview:-1\" \/>\n<link rel=\"canonical\" href=\"https:\/\/psychoterapie-brno.eu\/index.php\/nabidka-sluzeb\/osobni-krize\/\" \/>\n<meta property=\"og:locale\" content=\"cs_CZ\" \/>\n<meta property=\"og:type\" content=\"article\" \/>\n<meta property=\"og:title\" content=\"Osobn\u00ed krize - Psychoterapie Brno | Roman Petr\u017eelka\" \/>\n<meta property=\"og:description\" content=\"Je t\u011b\u017ek\u00e9 vyrovnat se s ne\u00fasp\u011bchem, zejm\u00e9na kdy\u017e se nejedn\u00e1 o prvn\u00ed takov\u00e9 selh\u00e1n\u00ed a pocit ne\u00fasp\u011bchu a zmaru se stal ka\u017edodenn\u00edm pr\u016fvodcem. Pochyby o sob\u011b sam\u00fdch mohou b\u00fdt dlouhodob\u00fdmi spole\u010dn\u00edky. Kritika, j\u00ed\u017e se n\u00e1m dost\u00e1v\u00e1 z na\u0161eho okol\u00ed jako kdyby tyto pochyby podporovala. Stejn\u011b t\u011b\u017ek\u00e9 m\u016f\u017ee ale b\u00fdt i vyrovn\u00e1n\u00ed se s ne\u010dekan\u00fdm, n\u00e1hl\u00fdm [&hellip;]\" \/>\n<meta property=\"og:url\" content=\"https:\/\/psychoterapie-brno.eu\/index.php\/nabidka-sluzeb\/osobni-krize\/\" \/>\n<meta property=\"og:site_name\" content=\"Psychoterapie Brno | Roman Petr\u017eelka\" \/>\n<meta property=\"article:modified_time\" content=\"2019-04-05T23:21:15+00:00\" \/>\n<meta name=\"twitter:card\" content=\"summary_large_image\" \/>\n<meta name=\"twitter:label1\" content=\"Odhadovan\u00e1 doba \u010dten\u00ed\" \/>\n\t<meta name=\"twitter:data1\" content=\"1 minuta\" \/>\n<script type=\"application\/ld+json\" class=\"yoast-schema-graph\">{\"@context\":\"https:\\\/\\\/schema.org\",\"@graph\":[{\"@type\":\"WebPage\",\"@id\":\"https:\\\/\\\/psychoterapie-brno.eu\\\/index.php\\\/nabidka-sluzeb\\\/osobni-krize\\\/\",\"url\":\"https:\\\/\\\/psychoterapie-brno.eu\\\/index.php\\\/nabidka-sluzeb\\\/osobni-krize\\\/\",\"name\":\"Osobn\u00ed krize - Psychoterapie Brno | Roman Petr\u017eelka\",\"isPartOf\":{\"@id\":\"https:\\\/\\\/psychoterapie-brno.eu\\\/#website\"},\"datePublished\":\"2019-04-05T23:09:25+00:00\",\"dateModified\":\"2019-04-05T23:21:15+00:00\",\"breadcrumb\":{\"@id\":\"https:\\\/\\\/psychoterapie-brno.eu\\\/index.php\\\/nabidka-sluzeb\\\/osobni-krize\\\/#breadcrumb\"},\"inLanguage\":\"cs\",\"potentialAction\":[{\"@type\":\"ReadAction\",\"target\":[\"https:\\\/\\\/psychoterapie-brno.eu\\\/index.php\\\/nabidka-sluzeb\\\/osobni-krize\\\/\"]}]},{\"@type\":\"BreadcrumbList\",\"@id\":\"https:\\\/\\\/psychoterapie-brno.eu\\\/index.php\\\/nabidka-sluzeb\\\/osobni-krize\\\/#breadcrumb\",\"itemListElement\":[{\"@type\":\"ListItem\",\"position\":1,\"name\":\"Dom\u016f\",\"item\":\"https:\\\/\\\/psychoterapie-brno.eu\\\/\"},{\"@type\":\"ListItem\",\"position\":2,\"name\":\"Nab\u00eddka slu\u017eeb\",\"item\":\"https:\\\/\\\/psychoterapie-brno.eu\\\/index.php\\\/nabidka-sluzeb\\\/\"},{\"@type\":\"ListItem\",\"position\":3,\"name\":\"Osobn\u00ed krize\"}]},{\"@type\":\"WebSite\",\"@id\":\"https:\\\/\\\/psychoterapie-brno.eu\\\/#website\",\"url\":\"https:\\\/\\\/psychoterapie-brno.eu\\\/\",\"name\":\"Psychoterapie Brno\",\"description\":\"Krizov\u00e1 intervence, individu\u00e1ln\u00ed psychoterapie, kou\u010dink p\u0159i zm\u011bn\u011b \u017eivotn\u00edho stylu, p\u00e1rov\u00e1 terapie. Poradna pro z\u00e1visl\u00e9 nejen na alkoholu a jejich rodinn\u00e9 p\u0159\u00edslu\u0161n\u00edky.\",\"potentialAction\":[{\"@type\":\"SearchAction\",\"target\":{\"@type\":\"EntryPoint\",\"urlTemplate\":\"https:\\\/\\\/psychoterapie-brno.eu\\\/?s={search_term_string}\"},\"query-input\":{\"@type\":\"PropertyValueSpecification\",\"valueRequired\":true,\"valueName\":\"search_term_string\"}}],\"inLanguage\":\"cs\"}]}<\/script>\n<!-- \/ Yoast SEO plugin. -->","yoast_head_json":{"title":"Osobn\u00ed krize - Psychoterapie Brno | Roman Petr\u017eelka","robots":{"index":"index","follow":"follow","max-snippet":"max-snippet:-1","max-image-preview":"max-image-preview:large","max-video-preview":"max-video-preview:-1"},"canonical":"https:\/\/psychoterapie-brno.eu\/index.php\/nabidka-sluzeb\/osobni-krize\/","og_locale":"cs_CZ","og_type":"article","og_title":"Osobn\u00ed krize - Psychoterapie Brno | Roman Petr\u017eelka","og_description":"Je t\u011b\u017ek\u00e9 vyrovnat se s ne\u00fasp\u011bchem, zejm\u00e9na kdy\u017e se nejedn\u00e1 o prvn\u00ed takov\u00e9 selh\u00e1n\u00ed a pocit ne\u00fasp\u011bchu a zmaru se stal ka\u017edodenn\u00edm pr\u016fvodcem. Pochyby o sob\u011b sam\u00fdch mohou b\u00fdt dlouhodob\u00fdmi spole\u010dn\u00edky. Kritika, j\u00ed\u017e se n\u00e1m dost\u00e1v\u00e1 z na\u0161eho okol\u00ed jako kdyby tyto pochyby podporovala. Stejn\u011b t\u011b\u017ek\u00e9 m\u016f\u017ee ale b\u00fdt i vyrovn\u00e1n\u00ed se s ne\u010dekan\u00fdm, n\u00e1hl\u00fdm [&hellip;]","og_url":"https:\/\/psychoterapie-brno.eu\/index.php\/nabidka-sluzeb\/osobni-krize\/","og_site_name":"Psychoterapie Brno | Roman Petr\u017eelka","article_modified_time":"2019-04-05T23:21:15+00:00","twitter_card":"summary_large_image","twitter_misc":{"Odhadovan\u00e1 doba \u010dten\u00ed":"1 minuta"},"schema":{"@context":"https:\/\/schema.org","@graph":[{"@type":"WebPage","@id":"https:\/\/psychoterapie-brno.eu\/index.php\/nabidka-sluzeb\/osobni-krize\/","url":"https:\/\/psychoterapie-brno.eu\/index.php\/nabidka-sluzeb\/osobni-krize\/","name":"Osobn\u00ed krize - Psychoterapie Brno | Roman Petr\u017eelka","isPartOf":{"@id":"https:\/\/psychoterapie-brno.eu\/#website"},"datePublished":"2019-04-05T23:09:25+00:00","dateModified":"2019-04-05T23:21:15+00:00","breadcrumb":{"@id":"https:\/\/psychoterapie-brno.eu\/index.php\/nabidka-sluzeb\/osobni-krize\/#breadcrumb"},"inLanguage":"cs","potentialAction":[{"@type":"ReadAction","target":["https:\/\/psychoterapie-brno.eu\/index.php\/nabidka-sluzeb\/osobni-krize\/"]}]},{"@type":"BreadcrumbList","@id":"https:\/\/psychoterapie-brno.eu\/index.php\/nabidka-sluzeb\/osobni-krize\/#breadcrumb","itemListElement":[{"@type":"ListItem","position":1,"name":"Dom\u016f","item":"https:\/\/psychoterapie-brno.eu\/"},{"@type":"ListItem","position":2,"name":"Nab\u00eddka slu\u017eeb","item":"https:\/\/psychoterapie-brno.eu\/index.php\/nabidka-sluzeb\/"},{"@type":"ListItem","position":3,"name":"Osobn\u00ed krize"}]},{"@type":"WebSite","@id":"https:\/\/psychoterapie-brno.eu\/#website","url":"https:\/\/psychoterapie-brno.eu\/","name":"Psychoterapie Brno","description":"Krizov\u00e1 intervence, individu\u00e1ln\u00ed psychoterapie, kou\u010dink p\u0159i zm\u011bn\u011b \u017eivotn\u00edho stylu, p\u00e1rov\u00e1 terapie. Poradna pro z\u00e1visl\u00e9 nejen na alkoholu a jejich rodinn\u00e9 p\u0159\u00edslu\u0161n\u00edky.","potentialAction":[{"@type":"SearchAction","target":{"@type":"EntryPoint","urlTemplate":"https:\/\/psychoterapie-brno.eu\/?s={search_term_string}"},"query-input":{"@type":"PropertyValueSpecification","valueRequired":true,"valueName":"search_term_string"}}],"inLanguage":"cs"}]}},"_links":{"self":[{"href":"https:\/\/psychoterapie-brno.eu\/index.php\/wp-json\/wp\/v2\/pages\/71","targetHints":{"allow":["GET"]}}],"collection":[{"href":"https:\/\/psychoterapie-brno.eu\/index.php\/wp-json\/wp\/v2\/pages"}],"about":[{"href":"https:\/\/psychoterapie-brno.eu\/index.php\/wp-json\/wp\/v2\/types\/page"}],"author":[{"embeddable":true,"href":"https:\/\/psychoterapie-brno.eu\/index.php\/wp-json\/wp\/v2\/users\/1"}],"replies":[{"embeddable":true,"href":"https:\/\/psychoterapie-brno.eu\/index.php\/wp-json\/wp\/v2\/comments?post=71"}],"version-history":[{"count":2,"href":"https:\/\/psychoterapie-brno.eu\/index.php\/wp-json\/wp\/v2\/pages\/71\/revisions"}],"predecessor-version":[{"id":86,"href":"https:\/\/psychoterapie-brno.eu\/index.php\/wp-json\/wp\/v2\/pages\/71\/revisions\/86"}],"up":[{"embeddable":true,"href":"https:\/\/psychoterapie-brno.eu\/index.php\/wp-json\/wp\/v2\/pages\/16"}],"wp:attachment":[{"href":"https:\/\/psychoterapie-brno.eu\/index.php\/wp-json\/wp\/v2\/media?parent=71"}],"curies":[{"name":"wp","href":"https:\/\/api.w.org\/{rel}","templated":true}]}}

Osobní krize

<p>Je těžké vyrovnat se s neúspěchem, zejména když se nejedná o první takové selhání a pocit neúspěchu a zmaru se stal každodenním průvodcem. Pochyby o sobě samých mohou být dlouhodobými společníky. Kritika, jíž se nám dostává z našeho okolí jako kdyby tyto pochyby podporovala.</p>



<p>Stejně těžké může ale být i vyrovnání se s nečekaným, náhlým úspěchem. Namísto pocitu sebedůvěry se objevují obavy a nedůvěra. Kde se stala chyba?</p>



<p>Snažíme se být úspěšní a šťastní, dosahujeme cílů, které jsme si vytyčili, ale pocit uspokojení se nedostaví…</p>



<ul class="wp-block-list"><li>Jak překonat bezútěšné, smutné období, kdy život ztratil smysl?</li><li>Jak se vyrovnat s neúspěchem? Jak přijmout ztrátu?</li><li>Jak si stanovit životní cíl?</li><li>Jak najít sebe sama?</li><li>Co je to vlastně krize a jak ji mohu poznat?</li></ul>
<p>Views: 1079</p>

<p>Je těžké vyrovnat se s neúspěchem, zejména když se nejedná o první takové selhání a pocit neúspěchu a zmaru se stal každodenním průvodcem. Pochyby o sobě samých mohou být dlouhodobými společníky. Kritika, jíž se nám dostává z našeho okolí jako kdyby tyto pochyby podporovala. Stejně těžké může ale být i vyrovnání se s nečekaným, náhlým [&hellip;]</p>

<!-- This site is optimized with the Yoast SEO plugin v27.4 - https://yoast.com/product/yoast-seo-wordpress/ -->
<title>Osobní krize - Psychoterapie Brno | Roman Petrželka</title>
<meta name="robots" content="index, follow, max-snippet:-1, max-image-preview:large, max-video-preview:-1" />
<link rel="canonical" href="https://psychoterapie-brno.eu/index.php/nabidka-sluzeb/osobni-krize/" />
<meta property="og:locale" content="cs_CZ" />
<meta property="og:type" content="article" />
<meta property="og:title" content="Osobní krize - Psychoterapie Brno | Roman Petrželka" />
<meta property="og:description" content="Je těžké vyrovnat se s neúspěchem, zejména když se nejedná o první takové selhání a pocit neúspěchu a zmaru se stal každodenním průvodcem. Pochyby o sobě samých mohou být dlouhodobými společníky. Kritika, jíž se nám dostává z našeho okolí jako kdyby tyto pochyby podporovala. Stejně těžké může ale být i vyrovnání se s nečekaným, náhlým [&hellip;]" />
<meta property="og:url" content="https://psychoterapie-brno.eu/index.php/nabidka-sluzeb/osobni-krize/" />
<meta property="og:site_name" content="Psychoterapie Brno | Roman Petrželka" />
<meta property="article:modified_time" content="2019-04-05T23:21:15+00:00" />
<meta name="twitter:card" content="summary_large_image" />
<meta name="twitter:label1" content="Odhadovaná doba čtení" />
	<meta name="twitter:data1" content="1 minuta" />
<script type="application/ld+json" class="yoast-schema-graph">{"@context":"https:\/\/schema.org","@graph":[{"@type":"WebPage","@id":"https:\/\/psychoterapie-brno.eu\/index.php\/nabidka-sluzeb\/osobni-krize\/","url":"https:\/\/psychoterapie-brno.eu\/index.php\/nabidka-sluzeb\/osobni-krize\/","name":"Osobní krize - Psychoterapie Brno | Roman Petrželka","isPartOf":{"@id":"https:\/\/psychoterapie-brno.eu\/#website"},"datePublished":"2019-04-05T23:09:25+00:00","dateModified":"2019-04-05T23:21:15+00:00","breadcrumb":{"@id":"https:\/\/psychoterapie-brno.eu\/index.php\/nabidka-sluzeb\/osobni-krize\/#breadcrumb"},"inLanguage":"cs","potentialAction":[{"@type":"ReadAction","target":["https:\/\/psychoterapie-brno.eu\/index.php\/nabidka-sluzeb\/osobni-krize\/"]}]},{"@type":"BreadcrumbList","@id":"https:\/\/psychoterapie-brno.eu\/index.php\/nabidka-sluzeb\/osobni-krize\/#breadcrumb","itemListElement":[{"@type":"ListItem","position":1,"name":"Domů","item":"https:\/\/psychoterapie-brno.eu\/"},{"@type":"ListItem","position":2,"name":"Nabídka služeb","item":"https:\/\/psychoterapie-brno.eu\/index.php\/nabidka-sluzeb\/"},{"@type":"ListItem","position":3,"name":"Osobní krize"}]},{"@type":"WebSite","@id":"https:\/\/psychoterapie-brno.eu\/#website","url":"https:\/\/psychoterapie-brno.eu\/","name":"Psychoterapie Brno","description":"Krizová intervence, individuální psychoterapie, koučink při změně životního stylu, párová terapie. Poradna pro závislé nejen na alkoholu a jejich rodinné příslušníky.","potentialAction":[{"@type":"SearchAction","target":{"@type":"EntryPoint","urlTemplate":"https:\/\/psychoterapie-brno.eu\/?s={search_term_string}"},"query-input":{"@type":"PropertyValueSpecification","valueRequired":true,"valueName":"search_term_string"}}],"inLanguage":"cs"}]}</script>
<!-- / Yoast SEO plugin. -->

Osobní krize - Psychoterapie Brno | Roman Petrželka

Je těžké vyrovnat se s neúspěchem, zejména když se nejedná o první takové selhání a pocit neúspěchu a zmaru se stal každodenním průvodcem. Pochyby o sobě samých mohou být dlouhodobými společníky. Kritika, jíž se nám dostává z našeho okolí jako kdyby tyto pochyby podporovala. Stejně těžké může ale být i vyrovnání se s nečekaným, náhlým [&hellip;]

Psychoterapie Brno | Roman Petrželka

Domů

Nabídka služeb

Krizová intervence, individuální psychoterapie, koučink při změně životního stylu, párová terapie. Poradna pro závislé nejen na alkoholu a jejich rodinné příslušníky.
