{"id":16,"date":"2018-01-22T22:50:35","date_gmt":"2018-01-22T21:50:35","guid":{"rendered":"https:\/\/psychoterapie-brno.eu\/?page_id=16"},"modified":"2019-04-06T01:20:23","modified_gmt":"2019-04-05T23:20:23","slug":"nabidka-sluzeb","status":"publish","type":"page","link":"https:\/\/psychoterapie-brno.eu\/index.php\/nabidka-sluzeb\/","title":{"rendered":"Nab\u00eddka slu\u017eeb"},"content":{"rendered":"\n<p>Nab\u00edz\u00edm \u0161irok\u00e9 spektrum pomoci p\u0159i \u0159e\u0161en\u00ed t\u00ed\u017eiv\u00e9 \u017eivotn\u00ed situace.<\/p>\n\n\n\n<p>Jsem schopen pomoci v\u00e1m nal\u00e9zt ztracenou rovnov\u00e1hu, nebo jen poskytnout bezpe\u010dn\u00fd prostor pro ut\u0159\u00edd\u011bn\u00ed va\u0161ich my\u0161lenek a sebereflexe.<\/p>\n\n\n\n<p>Mohu v\u00e1m poskytnout pomoc p\u0159i \u0159e\u0161en\u00ed partnersk\u00e9 krize.<\/p>\n\n\n\n<p>Poskytnout odbornou radu v drogov\u00e9 problematice nebo alkoholov\u00e9 z\u00e1vislosti.<\/p>\n<p>Views: 1153<\/p>","protected":false},"excerpt":{"rendered":"<p>Nab\u00edz\u00edm \u0161irok\u00e9 spektrum pomoci p\u0159i \u0159e\u0161en\u00ed t\u00ed\u017eiv\u00e9 \u017eivotn\u00ed situace. Jsem schopen pomoci v\u00e1m nal\u00e9zt ztracenou rovnov\u00e1hu, nebo jen poskytnout bezpe\u010dn\u00fd prostor pro ut\u0159\u00edd\u011bn\u00ed va\u0161ich my\u0161lenek a sebereflexe. Mohu v\u00e1m poskytnout pomoc p\u0159i \u0159e\u0161en\u00ed partnersk\u00e9 krize. Poskytnout odbornou radu v drogov\u00e9 problematice nebo alkoholov\u00e9 z\u00e1vislosti. Views: 1153<\/p>\n","protected":false},"author":1,"featured_media":0,"parent":0,"menu_order":4,"comment_status":"closed","ping_status":"closed","template":"","meta":{"footnotes":""},"class_list":["post-16","page","type-page","status-publish","hentry"],"yoast_head":"<!-- This site is optimized with the Yoast SEO plugin v27.4 - https:\/\/yoast.com\/product\/yoast-seo-wordpress\/ -->\n<title>Nab\u00eddka slu\u017eeb - Psychoterapie Brno | Roman Petr\u017eelka<\/title>\n<meta name=\"robots\" content=\"index, follow, max-snippet:-1, max-image-preview:large, max-video-preview:-1\" \/>\n<link rel=\"canonical\" href=\"https:\/\/psychoterapie-brno.eu\/index.php\/nabidka-sluzeb\/\" \/>\n<meta property=\"og:locale\" content=\"cs_CZ\" \/>\n<meta property=\"og:type\" content=\"article\" \/>\n<meta property=\"og:title\" content=\"Nab\u00eddka slu\u017eeb - Psychoterapie Brno | Roman Petr\u017eelka\" \/>\n<meta property=\"og:description\" content=\"Nab\u00edz\u00edm \u0161irok\u00e9 spektrum pomoci p\u0159i \u0159e\u0161en\u00ed t\u00ed\u017eiv\u00e9 \u017eivotn\u00ed situace. Jsem schopen pomoci v\u00e1m nal\u00e9zt ztracenou rovnov\u00e1hu, nebo jen poskytnout bezpe\u010dn\u00fd prostor pro ut\u0159\u00edd\u011bn\u00ed va\u0161ich my\u0161lenek a sebereflexe. Mohu v\u00e1m poskytnout pomoc p\u0159i \u0159e\u0161en\u00ed partnersk\u00e9 krize. Poskytnout odbornou radu v drogov\u00e9 problematice nebo alkoholov\u00e9 z\u00e1vislosti. Views: 1153\" \/>\n<meta property=\"og:url\" content=\"https:\/\/psychoterapie-brno.eu\/index.php\/nabidka-sluzeb\/\" \/>\n<meta property=\"og:site_name\" content=\"Psychoterapie Brno | Roman Petr\u017eelka\" \/>\n<meta property=\"article:modified_time\" content=\"2019-04-05T23:20:23+00:00\" \/>\n<meta name=\"twitter:card\" content=\"summary_large_image\" \/>\n<script type=\"application\/ld+json\" class=\"yoast-schema-graph\">{\"@context\":\"https:\\\/\\\/schema.org\",\"@graph\":[{\"@type\":\"WebPage\",\"@id\":\"https:\\\/\\\/psychoterapie-brno.eu\\\/index.php\\\/nabidka-sluzeb\\\/\",\"url\":\"https:\\\/\\\/psychoterapie-brno.eu\\\/index.php\\\/nabidka-sluzeb\\\/\",\"name\":\"Nab\u00eddka slu\u017eeb - Psychoterapie Brno | Roman Petr\u017eelka\",\"isPartOf\":{\"@id\":\"https:\\\/\\\/psychoterapie-brno.eu\\\/#website\"},\"datePublished\":\"2018-01-22T21:50:35+00:00\",\"dateModified\":\"2019-04-05T23:20:23+00:00\",\"breadcrumb\":{\"@id\":\"https:\\\/\\\/psychoterapie-brno.eu\\\/index.php\\\/nabidka-sluzeb\\\/#breadcrumb\"},\"inLanguage\":\"cs\",\"potentialAction\":[{\"@type\":\"ReadAction\",\"target\":[\"https:\\\/\\\/psychoterapie-brno.eu\\\/index.php\\\/nabidka-sluzeb\\\/\"]}]},{\"@type\":\"BreadcrumbList\",\"@id\":\"https:\\\/\\\/psychoterapie-brno.eu\\\/index.php\\\/nabidka-sluzeb\\\/#breadcrumb\",\"itemListElement\":[{\"@type\":\"ListItem\",\"position\":1,\"name\":\"Dom\u016f\",\"item\":\"https:\\\/\\\/psychoterapie-brno.eu\\\/\"},{\"@type\":\"ListItem\",\"position\":2,\"name\":\"Nab\u00eddka slu\u017eeb\"}]},{\"@type\":\"WebSite\",\"@id\":\"https:\\\/\\\/psychoterapie-brno.eu\\\/#website\",\"url\":\"https:\\\/\\\/psychoterapie-brno.eu\\\/\",\"name\":\"Psychoterapie Brno\",\"description\":\"Krizov\u00e1 intervence, individu\u00e1ln\u00ed psychoterapie, kou\u010dink p\u0159i zm\u011bn\u011b \u017eivotn\u00edho stylu, p\u00e1rov\u00e1 terapie. Poradna pro z\u00e1visl\u00e9 nejen na alkoholu a jejich rodinn\u00e9 p\u0159\u00edslu\u0161n\u00edky.\",\"potentialAction\":[{\"@type\":\"SearchAction\",\"target\":{\"@type\":\"EntryPoint\",\"urlTemplate\":\"https:\\\/\\\/psychoterapie-brno.eu\\\/?s={search_term_string}\"},\"query-input\":{\"@type\":\"PropertyValueSpecification\",\"valueRequired\":true,\"valueName\":\"search_term_string\"}}],\"inLanguage\":\"cs\"}]}<\/script>\n<!-- \/ Yoast SEO plugin. -->","yoast_head_json":{"title":"Nab\u00eddka slu\u017eeb - Psychoterapie Brno | Roman Petr\u017eelka","robots":{"index":"index","follow":"follow","max-snippet":"max-snippet:-1","max-image-preview":"max-image-preview:large","max-video-preview":"max-video-preview:-1"},"canonical":"https:\/\/psychoterapie-brno.eu\/index.php\/nabidka-sluzeb\/","og_locale":"cs_CZ","og_type":"article","og_title":"Nab\u00eddka slu\u017eeb - Psychoterapie Brno | Roman Petr\u017eelka","og_description":"Nab\u00edz\u00edm \u0161irok\u00e9 spektrum pomoci p\u0159i \u0159e\u0161en\u00ed t\u00ed\u017eiv\u00e9 \u017eivotn\u00ed situace. Jsem schopen pomoci v\u00e1m nal\u00e9zt ztracenou rovnov\u00e1hu, nebo jen poskytnout bezpe\u010dn\u00fd prostor pro ut\u0159\u00edd\u011bn\u00ed va\u0161ich my\u0161lenek a sebereflexe. Mohu v\u00e1m poskytnout pomoc p\u0159i \u0159e\u0161en\u00ed partnersk\u00e9 krize. Poskytnout odbornou radu v drogov\u00e9 problematice nebo alkoholov\u00e9 z\u00e1vislosti. Views: 1153","og_url":"https:\/\/psychoterapie-brno.eu\/index.php\/nabidka-sluzeb\/","og_site_name":"Psychoterapie Brno | Roman Petr\u017eelka","article_modified_time":"2019-04-05T23:20:23+00:00","twitter_card":"summary_large_image","schema":{"@context":"https:\/\/schema.org","@graph":[{"@type":"WebPage","@id":"https:\/\/psychoterapie-brno.eu\/index.php\/nabidka-sluzeb\/","url":"https:\/\/psychoterapie-brno.eu\/index.php\/nabidka-sluzeb\/","name":"Nab\u00eddka slu\u017eeb - Psychoterapie Brno | Roman Petr\u017eelka","isPartOf":{"@id":"https:\/\/psychoterapie-brno.eu\/#website"},"datePublished":"2018-01-22T21:50:35+00:00","dateModified":"2019-04-05T23:20:23+00:00","breadcrumb":{"@id":"https:\/\/psychoterapie-brno.eu\/index.php\/nabidka-sluzeb\/#breadcrumb"},"inLanguage":"cs","potentialAction":[{"@type":"ReadAction","target":["https:\/\/psychoterapie-brno.eu\/index.php\/nabidka-sluzeb\/"]}]},{"@type":"BreadcrumbList","@id":"https:\/\/psychoterapie-brno.eu\/index.php\/nabidka-sluzeb\/#breadcrumb","itemListElement":[{"@type":"ListItem","position":1,"name":"Dom\u016f","item":"https:\/\/psychoterapie-brno.eu\/"},{"@type":"ListItem","position":2,"name":"Nab\u00eddka slu\u017eeb"}]},{"@type":"WebSite","@id":"https:\/\/psychoterapie-brno.eu\/#website","url":"https:\/\/psychoterapie-brno.eu\/","name":"Psychoterapie Brno","description":"Krizov\u00e1 intervence, individu\u00e1ln\u00ed psychoterapie, kou\u010dink p\u0159i zm\u011bn\u011b \u017eivotn\u00edho stylu, p\u00e1rov\u00e1 terapie. Poradna pro z\u00e1visl\u00e9 nejen na alkoholu a jejich rodinn\u00e9 p\u0159\u00edslu\u0161n\u00edky.","potentialAction":[{"@type":"SearchAction","target":{"@type":"EntryPoint","urlTemplate":"https:\/\/psychoterapie-brno.eu\/?s={search_term_string}"},"query-input":{"@type":"PropertyValueSpecification","valueRequired":true,"valueName":"search_term_string"}}],"inLanguage":"cs"}]}},"_links":{"self":[{"href":"https:\/\/psychoterapie-brno.eu\/index.php\/wp-json\/wp\/v2\/pages\/16","targetHints":{"allow":["GET"]}}],"collection":[{"href":"https:\/\/psychoterapie-brno.eu\/index.php\/wp-json\/wp\/v2\/pages"}],"about":[{"href":"https:\/\/psychoterapie-brno.eu\/index.php\/wp-json\/wp\/v2\/types\/page"}],"author":[{"embeddable":true,"href":"https:\/\/psychoterapie-brno.eu\/index.php\/wp-json\/wp\/v2\/users\/1"}],"replies":[{"embeddable":true,"href":"https:\/\/psychoterapie-brno.eu\/index.php\/wp-json\/wp\/v2\/comments?post=16"}],"version-history":[{"count":2,"href":"https:\/\/psychoterapie-brno.eu\/index.php\/wp-json\/wp\/v2\/pages\/16\/revisions"}],"predecessor-version":[{"id":85,"href":"https:\/\/psychoterapie-brno.eu\/index.php\/wp-json\/wp\/v2\/pages\/16\/revisions\/85"}],"wp:attachment":[{"href":"https:\/\/psychoterapie-brno.eu\/index.php\/wp-json\/wp\/v2\/media?parent=16"}],"curies":[{"name":"wp","href":"https:\/\/api.w.org\/{rel}","templated":true}]}}